, 41, 73
List the prime factors of 21994.
2, 7, 1571
List the prime factors of 74854.
2, 13, 2879
What are the prime factors of 1081?
23, 47
List the prime factors of 636.
2, 3, 53
List the prime factors of 58963.
58963
What are the prime factors of 36029?
7, 5147
List the prime factors of 12412.
2, 29, 107
List the prime factors of 1684.
2, 421
What are the prime factors of 741?
3, 13, 19
List the prime factors of 1327.
1327
What are the prime factors of 1846?
2, 13, 71
List the prime factors of 218.
2, 109
What are the prime factors of 19907?
17, 1171
What are the prime factors of 40711?
11, 3701
What are the prime factors of 1494?
2, 3, 83
List the prime factors of 1673.
7, 239
List the prime factors of 2993.
41, 73
List the prime factors of 111272.
2, 7, 1987
List the prime factors of 3848.
2, 13, 37
List the prime factors of 6209.
7, 887
List the prime factors of 914.
2, 457
List the prime factors of 717.
3, 239
List the prime factors of 3069.
3, 11, 31
List the prime factors of 841.
29
List the prime factors of 740.
2, 5, 37
What are the prime factors of 1921?
17, 113
What are the prime factors of 7106?
2, 11, 17, 19
What are the prime factors of 1155?
3, 5, 7, 11
List the prime factors of 82836.
2, 3, 13, 59
List the prime factors of 190.
2, 5, 19
List the prime factors of 54765.
3, 5, 1217
List the prime factors of 2188.
2, 547
What are the prime factors of 207?
3, 23
What are the prime factors of 6189?
3, 2063
What are the prime factors of 1675?
5, 67
What are the prime factors of 1798?
2, 29, 31
What are the prime factors of 108157?
7, 15451
What are the prime factors of 2078?
2, 1039
List the prime factors of 988.
2, 13, 19
What are the prime factors of 12055?
5, 2411
List the prime factors of 940.
2, 5, 47
List the prime factors of 2810.
2, 5, 281
What are the prime factors of 7499?
7499
List the prime factors of 158.
2, 79
List the prime factors of 9445.
5, 1889
List the prime factors of 3991.
13, 307
List the prime factors of 22537.
31, 727
What are the prime factors of 1951?
1951
What are the prime factors of 11216?
2, 701
What are the prime factors of 13258?
2, 7, 947
List the prime factors of 83157.
3, 53, 523
List the prime factors of 40172.
2, 11, 83
List the prime factors of 12721.
12721
What are the prime factors of 1364?
2, 11, 31
What are the prime factors of 4189?
59, 71
What are the prime factors of 3210?
2, 3, 5, 107
What are the prime factors of 138106?
2, 199, 347
What are the prime factors of 11252?
2, 29, 97
What are the prime factors of 77?
7, 11
List the prime factors of 52.
2, 13
What are the prime factors of 50904?
2, 3, 7, 101
What are the prime factors of 332?
2, 83
List the prime factors of 1210.
2, 5, 11
What are the prime factors of 1758?
2, 3, 293
List the prime factors of 144063.
3, 16007
What are the prime factors of 30999?
3, 10333
What are the prime factors of 265?
5, 53
What are the prime factors of 8407?
7, 1201
List the prime factors of 60.
2, 3, 5
List the prime factors of 7466.
2, 3733
List the prime factors of 6246.
2, 3, 347
List the prime factors of 1699.
1699
What are the prime factors of 12900?
2, 3, 5, 43
List the prime factors of 2296.
2, 7, 41
List the prime factors of 12178.
2, 6089
What are the prime factors of 14971?
11, 1361
What are the prime factors of 1615?
5, 17, 19
List the prime factors of 5103.
3, 7
What are the prime factors of 4059?
3, 11, 41
List the prime factors of 37265.
5, 29, 257
List the prime factors of 20129.
20129
What are the prime factors of 37328?
2, 2333
What are the prime factors of 88688?
2, 23, 241
What are the prime factors of 2250?
2, 3, 5
List the prime factors of 30872.
2, 17, 227
What are the prime factors of 31?
31
List the prime factors of 8.
2
List the prime factors of 7812.
2, 3, 7, 31
List the prime factors of 15074.
2, 7537
What are the prime factors of 3640?
2, 5, 7, 13
What are the prime factors of 863?
863
List the prime factors of 4447.
4447
List the prime factors of 3503.
31, 113
What are the prime factors of 6544?
2, 409
What are the prime factors of 35264?
2, 19, 29
What are the prime factors of 4766?
2, 2383
List the prime factors of 701.
701
List the prime factors of 485.
5, 97
List the prime factors of 10982.
2, 17, 19
List the prime factors of 105.
3, 5, 7
List the prime factors of 7851.
3, 2617
What are the prime factors of 45709?
43, 1063
List the prime factors of 24977.
24977
What are the prime factors of 80009?
19, 4211
What are the prime factors of 280?
2, 5, 7
What are the prime factors of 149?
149
List the prime factors of 79101.
3, 11, 17, 47
List the prime factors of 163.
163
List the prime factors of 1906.
2, 953
What are the prime factors of 35114?
2, 97, 181
What are the prime factors of 75838?
2, 7, 5417
List the prime factors of 11660.
2, 5, 11, 53
List the prime factors of 10757.
31, 347
What are the prime factors of 6413?
11, 53
List the prime factors of 41189.
41189
What are the prime factors of 35847?
3, 7, 569
What are the prime factors of 6656?
2, 13
List the prime factors of 3569.
43, 83
What are the prime factors of 1862?
2, 7, 19
What are the prime factors of 22703?
73, 311
List the prime factors of 51117.
3, 11, 1549
List the prime factors of 4800.
2, 3, 5
List the prime factors of 509.
509
List the prime factors of 1598.
2, 17, 47
What are the prime factors of 549?
3, 61
List the prime factors of 1833.
3, 13, 47
What are the prime factors of 2223?
3, 13, 19
What are the prime factors of 1483?
1483
List the prime factors of 30987.
3, 11, 313
What are the prime factors of 2151?
3, 239
What are the prime factors of 7495?
5, 1499
What are the prime factors of 14664?
2, 3, 13, 47
List the prime factors of 19557.
3, 41, 53
What are the prime factors of 2835?
3, 5, 7
List the prime factors of 65010.
2, 3, 5, 11, 197
What are the prime factors of 9395?
5, 1879
What are the prime factors of 3726?
2, 3, 23
List the prime factors of 18638.
2, 9319
List the prime factors of 2054.
2, 13, 79
What are the prime factors of 6864?
2, 3, 11, 13
List the prime factors of 43082.
2, 13, 1657
List the prime factors of 2675.
5, 107
List the prime factors of 2296.
2, 7, 41
What are the prime factors of 765?
3, 5, 17
List the prime factors of 743.
743
What are the prime factors of 34395?
3, 5, 2293
List the prime factors of 25900.
2, 5, 7, 37
List the prime factors of 6385.
5, 1277
What are the prime factors of 1443?
3, 13, 37
What are the prime factors of 102650?
2, 5, 2053
List the prime factors of 52300.
2, 5, 523
List the prime factors of 4631.
11, 421
List the prime factors of 405.
3, 5
List the prime factors of 9266.
2, 41, 113
What are the prime factors of 780?
2, 3, 5, 13
List the prime factors of 308.
2, 7, 11
What are the prime factors of 6849?
3, 761
List the prime factors of 5577.
3, 11, 13
What are the prime factors of 3677?
3677
What are the prime factors of 1990?
2, 5, 199
List the prime factors of 1376.
2, 43
List the prime factors of 53892.
2, 3, 499
What are the prime factors of 21536?
2, 673
What are the prime factors of 12617?
11, 31, 37
What are the prime factors of 10062?
2, 3, 13, 43
What are the prime factors of 788?
2, 197
What are the prime factors of 2811?
3, 937
List the prime factors of 1804.
2, 11, 41
List the prime factors of 29550.
2, 3, 5, 197
What are the prime factors of 100413?
3, 3719
List the prime factors of 43442.
2, 7, 29, 107
What are the prime factors of 66267?
3, 37, 199
What are the prime factors of 1938?
2, 3, 17, 19
What are the prime factors of 41838?
2, 3, 19, 367
What are the prime factors of 51869?
51869
What are the prime factors of 1911?
3, 7, 13
List the prime factors of 7852.
2, 13, 151
List the prime factors of 4646.
2, 23, 101
What are the prime factors of 3586?
2, 11, 163
What are the prime factors of 721?
7, 103
What are the prime factors of 132?
2, 3, 11
What are the prime factors of 64108?
2, 11, 31, 47
List the prime factors of 12599.
43, 293
List the prime factors of 51911.
23, 37, 61
What are the prime factors of 33527?
13, 2579
List the prime factors of 43329.
3, 11, 13, 101
List the prime factors of 1820.
2, 5, 7, 13
List the prime factors of 2634.
2, 3, 439
List the prime factors of 1157.
13, 89
What are the prime factors of 785?
5, 157
List the prime factors of 7136